 of 280 and 1330?
70
What is the highest common divisor of 3552 and 666?
222
Calculate the greatest common factor of 432 and 6768.
144
What is the highest common factor of 918 and 36?
18
What is the greatest common divisor of 2323 and 23?
23
Calculate the greatest common divisor of 1900 and 19.
19
Calculate the greatest common factor of 915 and 30.
15
What is the highest common factor of 319 and 61567?
319
What is the highest common factor of 28 and 602?
14
Calculate the highest common divisor of 135 and 216.
27
Calculate the greatest common factor of 4876 and 53.
53
What is the greatest common divisor of 216 and 792?
72
Calculate the highest common factor of 15 and 1540.
5
Calculate the greatest common divisor of 536 and 8.
8
Calculate the highest common divisor of 190 and 418.
38
What is the greatest common factor of 200 and 1700?
100
Calculate the greatest common divisor of 171 and 9.
9
Calculate the greatest common factor of 5296 and 16.
16
What is the highest common divisor of 2156 and 56?
28
Calculate the highest common divisor of 1326 and 306.
102
Calculate the highest common divisor of 2697 and 186.
93
What is the highest common divisor of 306 and 33354?
306
What is the highest common divisor of 5763 and 452?
113
What is the highest common factor of 860 and 20?
20
What is the highest common divisor of 146 and 1825?
73
What is the greatest common divisor of 10001 and 1507?
137
Calculate the greatest common divisor of 740 and 40.
20
Calculate the greatest common divisor of 4 and 40.
4
Calculate the highest common factor of 1539 and 648.
81
Calculate the greatest common factor of 3324 and 36.
12
What is the highest common divisor of 80 and 520?
40
Calculate the highest common divisor of 11484 and 44.
44
Calculate the greatest common factor of 12 and 64.
4
What is the greatest common divisor of 1088 and 510?
34
Calculate the highest common factor of 189 and 54.
27
Calculate the greatest common divisor of 323 and 17.
17
Calculate the highest common divisor of 24 and 216.
24
What is the greatest common divisor of 129 and 11997?
129
Calculate the highest common factor of 13 and 2119.
13
What is the highest common factor of 1456 and 224?
112
Calculate the highest common divisor of 51209 and 41.
41
Calculate the highest common factor of 3 and 3891.
3
What is the highest common divisor of 60 and 5088?
12
What is the highest common divisor of 73 and 876?
73
What is the highest common divisor of 4 and 33?
1
What is the highest common factor of 41625 and 333?
333
Calculate the highest common factor of 27 and 1395.
9
Calculate the greatest common factor of 551 and 319.
29
Calculate the highest common factor of 874 and 414.
46
What is the greatest common factor of 594 and 264?
66
Calculate the highest common divisor of 16 and 2504.
8
Calculate the greatest common factor of 5476 and 74.
74
What is the highest common divisor of 20 and 60?
20
What is the highest common factor of 448 and 1064?
56
What is the greatest common factor of 85 and 17?
17
Calculate the highest common divisor of 25 and 11225.
25
Calculate the greatest common divisor of 546 and 42.
42
What is the greatest common divisor of 89 and 3?
1
Calculate the highest common divisor of 415 and 70.
5
What is the greatest common factor of 1855 and 35?
35
What is the greatest common divisor of 318 and 212?
106
Calculate the greatest common factor of 38 and 361.
19
What is the highest common factor of 513 and 1368?
171
Calculate the highest common factor of 7 and 98.
7
Calculate the greatest common factor of 602 and 7.
7
What is the highest common divisor of 10 and 625?
5
What is the greatest common factor of 7631 and 13?
13
Calculate the highest common factor of 685 and 5.
5
Calculate the greatest common factor of 38 and 646.
38
Calculate the highest common divisor of 8 and 328.
8
What is the greatest common factor of 285 and 38?
19
What is the greatest common divisor of 4428 and 410?
82
What is the greatest common divisor of 2 and 823?
1
What is the highest common factor of 990 and 2090?
110
Calculate the greatest common factor of 23 and 1633.
23
Calculate the highest common factor of 594 and 495.
99
What is the highest common divisor of 30 and 810?
30
What is the highest common factor of 402 and 312?
6
Calculate the greatest common divisor of 42 and 25802.
14
What is the greatest common divisor of 32 and 2992?
16
Calculate the highest common divisor of 84 and 56.
28
What is the greatest common divisor of 532 and 16891?
133
Calculate the greatest common divisor of 360 and 25.
5
Calculate the greatest common factor of 3367 and 364.
91
What is the greatest common divisor of 33 and 957?
33
What is the greatest common divisor of 45 and 765?
45
Calculate the highest common factor of 1120 and 70.
70
Calculate the highest common factor of 8 and 2696.
8
What is the greatest common factor of 1197 and 126?
63
Calculate the highest common divisor of 82 and 697.
41
What is the highest common factor of 83 and 6225?
83
What is the highest common factor of 4119 and 3?
3
What is the highest common factor of 568 and 1349?
71
Calculate the greatest common divisor of 2860 and 88.
44
Calculate the greatest common factor of 258 and 7611.
129
What is the highest common divisor of 15 and 100785?
15
What is the greatest common factor of 1591 and 37?
37
Calculate the greatest common factor of 49 and 595.
7
What is the highest common factor of 7 and 245?
7
Calculate the highest common factor of 3980 and 40.
20
What is the highest common divisor of 52 and 4?
4
Calculate the greatest common divisor of 82 and 902.
82
What is the greatest common factor of 24 and 136?
8
What is the greatest common factor of 100 and 225?
25
Calculate the greatest common factor of 574 and 84.
14
Calculate the greatest common factor of 854 and 671.
61
Calculate the greatest common divisor of 268 and 16.
4
Calculate the highest common divisor of 308 and 56.
28
What is the highest common divisor of 369 and 287?
41
What is the highest common divisor of 170 and 34?
34
What is the highest common divisor of 736 and 96?
32
What is the greatest common divisor of 640 and 10?
10
What is the highest common factor of 96 and 22296?
24
Calculate the highest common factor of 6303 and 6.
3
What is the greatest common divisor of 116 and 638?
58
Calculate the highest common factor of 153 and 1921.
17
What is the greatest common factor of 5416 and 8?
8
Calculate the highest common factor of 4 and 324.
4
Calculate the greatest common factor of 481 and 111.
37
What is the highest common factor of 40 and 24?
8
Calculate the greatest common divisor of 464 and 58.
58
What is the greatest common divisor of 6097 and 728?
91
What is the highest common divisor of 42624 and 96?
96
What is the highest common divisor of 10978 and 22?
22
Calculate the greatest common factor of 1116 and 36.
36
Calculate the highest common divisor of 156 and 4476.
12
Calculate the highest common divisor of 1107 and 27.
27
What is the greatest common divisor of 301 and 28?
7
What is the greatest common factor of 15 and 9?
3
What is the greatest common factor of 253 and 34661?
253
What is the greatest common factor of 4416 and 600?
24
What is the highest common factor of 36 and 8?
4
Calculate the highest common factor of 54 and 36.
18
What is the greatest common factor of 448 and 616?
56
Calculate the greatest common divisor of 230 and 580.
10
What is the highest common factor of 70 and 115?
5
Calculate the greatest common divisor of 15 and 168.
3
What is the greatest common factor of 77 and 2497?
11
Calculate the greatest common divisor of 14219 and 964.
241
What is the highest common factor of 176 and 22?
22
What is the highest common factor of 5216 and 163?
163
Calculate the highest common factor of 160 and 120.
40
Calculate the highest common divisor of 5216 and 163.
163
What is the greatest common divisor of 216 and 1200?
24
Calculate the greatest common factor of 160 and 50.
10
Calculate the highest common factor of 4563 and 81.
27
What is the greatest common factor of 1548 and 180?
36
Calculate the highest common divisor of 7596 and 36.
36
Calculate the greatest common divisor of 16 and 382.
2
What is the greatest common factor of 1628 and 220?
44
What is the greatest common divisor o